{"id":8777,"date":"2023-04-17T21:53:33","date_gmt":"2023-04-17T19:53:33","guid":{"rendered":"https:\/\/papageienschutz.de\/papageien\/?page_id=8777"},"modified":"2023-04-17T23:24:17","modified_gmt":"2023-04-17T21:24:17","slug":"dickerchen","status":"publish","type":"page","link":"https:\/\/papageienschutz.de\/papageien\/afrikanische-papageien\/kongo-graupapageien\/dickerchen\/","title":{"rendered":"Dickerchen"},"content":{"rendered":"\n<figure class=\"wp-block-image size-large\"><img loading=\"lazy\" decoding=\"async\" width=\"1024\" height=\"576\" src=\"https:\/\/papageienschutz.de\/papageien\/wp-content\/uploads\/2023\/04\/di-web-01-1024x576.jpg\" alt=\"\" class=\"wp-image-8778\" srcset=\"https:\/\/papageienschutz.de\/papageien\/wp-content\/uploads\/2023\/04\/di-web-01-1024x576.jpg 1024w, https:\/\/papageienschutz.de\/papageien\/wp-content\/uploads\/2023\/04\/di-web-01-300x169.jpg 300w, https:\/\/papageienschutz.de\/papageien\/wp-content\/uploads\/2023\/04\/di-web-01-768x432.jpg 768w, https:\/\/papageienschutz.de\/papageien\/wp-content\/uploads\/2023\/04\/di-web-01-678x381.jpg 678w, https:\/\/papageienschutz.de\/papageien\/wp-content\/uploads\/2023\/04\/di-web-01.jpg 1280w\" sizes=\"auto, (max-width: 1024px) 100vw, 1024px\" \/><\/figure>\n\n\n\n<p><strong>Aufnahmedatum: <\/strong>21.01.2023<br><strong>Herkunft: <\/strong>Nachzucht<br><strong>Geschlecht: <\/strong>unbekannt<br><strong>Geburtsjahr: <\/strong>2001<\/p>\n\n\n\n<hr class=\"wp-block-separator has-css-opacity\"\/>\n\n\n\n<p><strong>Grund der Aufnahme:<\/strong><\/p>\n\n\n\n<p>&#8218;Dickerchen&#8216; wurde als Notfall aufgenommen, weil es seinem Eigent\u00fcmer aus gesundheitlichen Gr\u00fcnden sehr schwer fiel, &#8218;Dickerchens&#8216; Versorgung sicher zu stellen. <br>\u201aDickerchen\u2018 ist flugunf\u00e4hig und sehr stark gerupft. Nach Auskunft des Eigent\u00fcmers begann \u201aDickerchen\u2018 sich zu rupfen, nachdem zun\u00e4chst sein Partner-Graupapagei und kurze Zeit sp\u00e4ter auch die Ehefrau des Eigent\u00fcmers, seine menschliche Bezugsperson, gestorben waren. Er soll nach diesen Todesf\u00e4llen auch total verstummt sein und das \u201aSprechen\u2018 eingestellt haben. Au\u00dferdem leidet \u201aDickerchen\u2018 an starker Arthrose in den Beinen, wodurch seine Bewegungsm\u00f6glichkeiten eingeschr\u00e4nkt sind.<\/p>\n","protected":false},"excerpt":{"rendered":"<div class=\"mh-excerpt\"><p>Aufnahmedatum: 21.01.2023Herkunft: NachzuchtGeschlecht: unbekanntGeburtsjahr: 2001 Grund der Aufnahme: &#8218;Dickerchen&#8216; wurde als Notfall aufgenommen, weil es seinem Eigent\u00fcmer aus gesundheitlichen Gr\u00fcnden sehr schwer fiel, &#8218;Dickerchens&#8216; Versorgung sicher zu stellen. \u201aDickerchen\u2018 ist flugunf\u00e4hig und sehr stark gerupft. <a class=\"mh-excerpt-more\" href=\"https:\/\/papageienschutz.de\/papageien\/afrikanische-papageien\/kongo-graupapageien\/dickerchen\/\" title=\"Dickerchen\">[&#8230;]<\/a><\/p>\n<\/div>","protected":false},"author":1,"featured_media":8778,"parent":8387,"menu_order":1,"comment_status":"closed","ping_status":"closed","template":"","meta":{"footnotes":""},"class_list":["post-8777","page","type-page","status-publish","has-post-thumbnail"],"_links":{"self":[{"href":"https:\/\/papageienschutz.de\/papageien\/wp-json\/wp\/v2\/pages\/8777","targetHints":{"allow":["GET"]}}],"collection":[{"href":"https:\/\/papageienschutz.de\/papageien\/wp-json\/wp\/v2\/pages"}],"about":[{"href":"https:\/\/papageienschutz.de\/papageien\/wp-json\/wp\/v2\/types\/page"}],"author":[{"embeddable":true,"href":"https:\/\/papageienschutz.de\/papageien\/wp-json\/wp\/v2\/users\/1"}],"replies":[{"embeddable":true,"href":"https:\/\/papageienschutz.de\/papageien\/wp-json\/wp\/v2\/comments?post=8777"}],"version-history":[{"count":4,"href":"https:\/\/papageienschutz.de\/papageien\/wp-json\/wp\/v2\/pages\/8777\/revisions"}],"predecessor-version":[{"id":8794,"href":"https:\/\/papageienschutz.de\/papageien\/wp-json\/wp\/v2\/pages\/8777\/revisions\/8794"}],"up":[{"embeddable":true,"href":"https:\/\/papageienschutz.de\/papageien\/wp-json\/wp\/v2\/pages\/8387"}],"wp:featuredmedia":[{"embeddable":true,"href":"https:\/\/papageienschutz.de\/papageien\/wp-json\/wp\/v2\/media\/8778"}],"wp:attachment":[{"href":"https:\/\/papageienschutz.de\/papageien\/wp-json\/wp\/v2\/media?parent=8777"}],"curies":[{"name":"wp","href":"https:\/\/api.w.org\/{rel}","templated":true}]}}

<figure class="wp-block-image size-large"><img loading="lazy" decoding="async" width="1024" height="576" src="https://papageienschutz.de/papageien/wp-content/uploads/2023/04/di-web-01-1024x576.jpg" alt="" class="wp-image-8778" srcset="https://papageienschutz.de/papageien/wp-content/uploads/2023/04/di-web-01-1024x576.jpg 1024w, https://papageienschutz.de/papageien/wp-content/uploads/2023/04/di-web-01-300x169.jpg 300w, https://papageienschutz.de/papageien/wp-content/uploads/2023/04/di-web-01-768x432.jpg 768w, https://papageienschutz.de/papageien/wp-content/uploads/2023/04/di-web-01-678x381.jpg 678w, https://papageienschutz.de/papageien/wp-content/uploads/2023/04/di-web-01.jpg 1280w" sizes="auto, (max-width: 1024px) 100vw, 1024px" /></figure>



<p><strong>Aufnahmedatum: </strong>21.01.2023<br><strong>Herkunft: </strong>Nachzucht<br><strong>Geschlecht: </strong>unbekannt<br><strong>Geburtsjahr: </strong>2001</p>



<hr class="wp-block-separator has-css-opacity"/>



<p><strong>Grund der Aufnahme:</strong></p>



<p>&#8218;Dickerchen&#8216; wurde als Notfall aufgenommen, weil es seinem Eigentümer aus gesundheitlichen Gründen sehr schwer fiel, &#8218;Dickerchens&#8216; Versorgung sicher zu stellen. <br>‚Dickerchen‘ ist flugunfähig und sehr stark gerupft. Nach Auskunft des Eigentümers begann ‚Dickerchen‘ sich zu rupfen, nachdem zunächst sein Partner-Graupapagei und kurze Zeit später auch die Ehefrau des Eigentümers, seine menschliche Bezugsperson, gestorben waren. Er soll nach diesen Todesfällen auch total verstummt sein und das ‚Sprechen‘ eingestellt haben. Außerdem leidet ‚Dickerchen‘ an starker Arthrose in den Beinen, wodurch seine Bewegungsmöglichkeiten eingeschränkt sind.</p>

<div class="mh-excerpt"><p>Aufnahmedatum: 21.01.2023Herkunft: NachzuchtGeschlecht: unbekanntGeburtsjahr: 2001 Grund der Aufnahme: &#8218;Dickerchen&#8216; wurde als Notfall aufgenommen, weil es seinem Eigentümer aus gesundheitlichen Gründen sehr schwer fiel, &#8218;Dickerchens&#8216; Versorgung sicher zu stellen. ‚Dickerchen‘ ist flugunfähig und sehr stark gerupft. <a class="mh-excerpt-more" href="https://papageienschutz.de/papageien/afrikanische-papageien/kongo-graupapageien/dickerchen/" title="Dickerchen">[&#8230;]</a></p>
</div>
