{"id":73,"date":"2012-06-21T22:37:43","date_gmt":"2012-06-21T20:37:43","guid":{"rendered":"http:\/\/papageienschutz.net\/bestand\/?page_id=73"},"modified":"2020-08-10T01:01:06","modified_gmt":"2020-08-09T23:01:06","slug":"philip","status":"publish","type":"page","link":"https:\/\/papageienschutz.de\/papageien\/afrikanische-papageien\/kongo-graupapageien\/philip\/","title":{"rendered":"Philip"},"content":{"rendered":"\n<div class=\"wp-block-image\"><figure class=\"aligncenter size-large\"><img loading=\"lazy\" decoding=\"async\" width=\"1024\" height=\"683\" src=\"https:\/\/papageienschutz.de\/papageien\/wp-content\/uploads\/2020\/02\/D21A9269-1024x683.jpg\" alt=\"\" class=\"wp-image-8082\" srcset=\"https:\/\/papageienschutz.de\/papageien\/wp-content\/uploads\/2020\/02\/D21A9269-1024x683.jpg 1024w, https:\/\/papageienschutz.de\/papageien\/wp-content\/uploads\/2020\/02\/D21A9269-300x200.jpg 300w, https:\/\/papageienschutz.de\/papageien\/wp-content\/uploads\/2020\/02\/D21A9269-768x512.jpg 768w, https:\/\/papageienschutz.de\/papageien\/wp-content\/uploads\/2020\/02\/D21A9269-1536x1024.jpg 1536w, https:\/\/papageienschutz.de\/papageien\/wp-content\/uploads\/2020\/02\/D21A9269-2048x1365.jpg 2048w, https:\/\/papageienschutz.de\/papageien\/wp-content\/uploads\/2020\/02\/D21A9269-1320x880.jpg 1320w\" sizes=\"auto, (max-width: 1024px) 100vw, 1024px\" \/><\/figure><\/div>\n\n\n\n<p><strong>Aufnahmedatum: <\/strong>24.10.2004<br><strong>Herkunft: <\/strong>Nachzucht \/ Handaufzucht<br><strong>Geschlecht: <\/strong>m\u00e4nnlich<br><strong>Geburtsjahr: <\/strong>1990<\/p>\n\n\n\n<hr class=\"wp-block-separator\"\/>\n\n\n\n<p><strong>Grund der Aufnahme:<\/strong><br>Philip wurde im Oktober 2004 aus privater Einzelhaltung in das Fluggehege \u00fcbernommen, weil er seine Eigent\u00fcmer immer wieder angegriffen hatte. Philip ist eine einheimische Nachzucht \/ Handaufzucht&nbsp; aus dem Jahr 1990. Philip ist m\u00e4nnlichen Geschlechts.<\/p>\n","protected":false},"excerpt":{"rendered":"<div class=\"mh-excerpt\"><p>Aufnahmedatum: 24.10.2004Herkunft: Nachzucht \/ HandaufzuchtGeschlecht: m\u00e4nnlichGeburtsjahr: 1990 Grund der Aufnahme:Philip wurde im Oktober 2004 aus privater Einzelhaltung in das Fluggehege \u00fcbernommen, weil er seine Eigent\u00fcmer immer wieder angegriffen hatte. Philip ist eine einheimische Nachzucht \/ <a class=\"mh-excerpt-more\" href=\"https:\/\/papageienschutz.de\/papageien\/afrikanische-papageien\/kongo-graupapageien\/philip\/\" title=\"Philip\">[&#8230;]<\/a><\/p>\n<\/div>","protected":false},"author":1,"featured_media":0,"parent":8387,"menu_order":1,"comment_status":"closed","ping_status":"closed","template":"","meta":{"footnotes":""},"class_list":["post-73","page","type-page","status-publish"],"_links":{"self":[{"href":"https:\/\/papageienschutz.de\/papageien\/wp-json\/wp\/v2\/pages\/73","targetHints":{"allow":["GET"]}}],"collection":[{"href":"https:\/\/papageienschutz.de\/papageien\/wp-json\/wp\/v2\/pages"}],"about":[{"href":"https:\/\/papageienschutz.de\/papageien\/wp-json\/wp\/v2\/types\/page"}],"author":[{"embeddable":true,"href":"https:\/\/papageienschutz.de\/papageien\/wp-json\/wp\/v2\/users\/1"}],"replies":[{"embeddable":true,"href":"https:\/\/papageienschutz.de\/papageien\/wp-json\/wp\/v2\/comments?post=73"}],"version-history":[{"count":3,"href":"https:\/\/papageienschutz.de\/papageien\/wp-json\/wp\/v2\/pages\/73\/revisions"}],"predecessor-version":[{"id":8083,"href":"https:\/\/papageienschutz.de\/papageien\/wp-json\/wp\/v2\/pages\/73\/revisions\/8083"}],"up":[{"embeddable":true,"href":"https:\/\/papageienschutz.de\/papageien\/wp-json\/wp\/v2\/pages\/8387"}],"wp:attachment":[{"href":"https:\/\/papageienschutz.de\/papageien\/wp-json\/wp\/v2\/media?parent=73"}],"curies":[{"name":"wp","href":"https:\/\/api.w.org\/{rel}","templated":true}]}}