{"id":625,"date":"2013-08-13T22:28:59","date_gmt":"2013-08-13T20:28:59","guid":{"rendered":"http:\/\/papageienschutz.net\/bestand\/?page_id=625"},"modified":"2020-02-04T22:34:31","modified_gmt":"2020-02-04T21:34:31","slug":"rico","status":"publish","type":"page","link":"https:\/\/papageienschutz.de\/papageien\/amerikanische-papageien\/gelbwangenamzonen\/rico\/","title":{"rendered":"Rico"},"content":{"rendered":"\n<div class=\"wp-block-image\"><figure class=\"aligncenter size-large\"><img loading=\"lazy\" decoding=\"async\" width=\"1024\" height=\"682\" src=\"https:\/\/papageienschutz.de\/papageien\/wp-content\/uploads\/2018\/04\/IMG_5511-e1524252971121-1024x682.jpg\" alt=\"\" class=\"wp-image-6407\" srcset=\"https:\/\/papageienschutz.de\/papageien\/wp-content\/uploads\/2018\/04\/IMG_5511-e1524252971121-1024x682.jpg 1024w, https:\/\/papageienschutz.de\/papageien\/wp-content\/uploads\/2018\/04\/IMG_5511-e1524252971121-300x200.jpg 300w, https:\/\/papageienschutz.de\/papageien\/wp-content\/uploads\/2018\/04\/IMG_5511-e1524252971121-768x512.jpg 768w, https:\/\/papageienschutz.de\/papageien\/wp-content\/uploads\/2018\/04\/IMG_5511-e1524252971121.jpg 1280w\" sizes=\"auto, (max-width: 1024px) 100vw, 1024px\" \/><\/figure><\/div>\n\n\n\n<p><strong>Aufnahmedatum: <\/strong>01.05.2013<br><strong>Herkunft: <\/strong>Wildfang (Honduras 1993)<br><strong>Geschlecht: <\/strong>weiblich<br><strong>Geburtsjahr: <\/strong>unbekannt<\/p>\n\n\n\n<hr class=\"wp-block-separator\"\/>\n\n\n\n<p><strong>Grund der Aufnahme:<\/strong><br>Rico, weiblichen Geschlechts, wurde im Mai 2013 aus privater Einzelhaltung in das Fluggehege \u00fcbernommen, weil ihr Partner verstorben war und die Eigent\u00fcmer die Papageienhaltung nicht fortsetzen wollten. Rico ist ein Wildfang aus Honduras und wurde 1989 importiert. Die tiermedizinische Eingangsuntersuchung ergab, dass Rico an leichter Aspergillose leidet. Au\u00dferdem wurde festegestellt, dass &#8211; infolge einer Erkrankung an Rachitis &#8211; ihre Knochen verformt sind, insbesondere die Wirbels\u00e4ule, das rechtes Knie und das Becken, so dass eine Eiablage f\u00fcr Rico lebensgef\u00e4hrlich sein k\u00f6nnte.<\/p>\n","protected":false},"excerpt":{"rendered":"<div class=\"mh-excerpt\"><p>Aufnahmedatum: 01.05.2013Herkunft: Wildfang (Honduras 1993)Geschlecht: weiblichGeburtsjahr: unbekannt Grund der Aufnahme:Rico, weiblichen Geschlechts, wurde im Mai 2013 aus privater Einzelhaltung in das Fluggehege \u00fcbernommen, weil ihr Partner verstorben war und die Eigent\u00fcmer die Papageienhaltung nicht fortsetzen <a class=\"mh-excerpt-more\" href=\"https:\/\/papageienschutz.de\/papageien\/amerikanische-papageien\/gelbwangenamzonen\/rico\/\" title=\"Rico\">[&#8230;]<\/a><\/p>\n<\/div>","protected":false},"author":1,"featured_media":0,"parent":34,"menu_order":0,"comment_status":"closed","ping_status":"closed","template":"","meta":{"footnotes":""},"class_list":["post-625","page","type-page","status-publish"],"_links":{"self":[{"href":"https:\/\/papageienschutz.de\/papageien\/wp-json\/wp\/v2\/pages\/625","targetHints":{"allow":["GET"]}}],"collection":[{"href":"https:\/\/papageienschutz.de\/papageien\/wp-json\/wp\/v2\/pages"}],"about":[{"href":"https:\/\/papageienschutz.de\/papageien\/wp-json\/wp\/v2\/types\/page"}],"author":[{"embeddable":true,"href":"https:\/\/papageienschutz.de\/papageien\/wp-json\/wp\/v2\/users\/1"}],"replies":[{"embeddable":true,"href":"https:\/\/papageienschutz.de\/papageien\/wp-json\/wp\/v2\/comments?post=625"}],"version-history":[{"count":3,"href":"https:\/\/papageienschutz.de\/papageien\/wp-json\/wp\/v2\/pages\/625\/revisions"}],"predecessor-version":[{"id":8100,"href":"https:\/\/papageienschutz.de\/papageien\/wp-json\/wp\/v2\/pages\/625\/revisions\/8100"}],"up":[{"embeddable":true,"href":"https:\/\/papageienschutz.de\/papageien\/wp-json\/wp\/v2\/pages\/34"}],"wp:attachment":[{"href":"https:\/\/papageienschutz.de\/papageien\/wp-json\/wp\/v2\/media?parent=625"}],"curies":[{"name":"wp","href":"https:\/\/api.w.org\/{rel}","templated":true}]}}