{"id":368,"date":"2012-06-27T21:51:46","date_gmt":"2012-06-27T19:51:46","guid":{"rendered":"http:\/\/papageienschutz.net\/bestand\/?page_id=368"},"modified":"2020-02-04T22:49:08","modified_gmt":"2020-02-04T21:49:08","slug":"maja","status":"publish","type":"page","link":"https:\/\/papageienschutz.de\/papageien\/afrikanische-papageien\/mohrenkopfpapageien\/maja\/","title":{"rendered":"Maja"},"content":{"rendered":"\n<div class=\"wp-block-image\"><figure class=\"aligncenter size-large\"><img loading=\"lazy\" decoding=\"async\" width=\"1024\" height=\"683\" src=\"https:\/\/papageienschutz.de\/papageien\/wp-content\/uploads\/2018\/04\/IMG_2870-1024x683.jpg\" alt=\"\" class=\"wp-image-6501\"\/><\/figure><\/div>\n\n\n\n<p><strong>Aufnahmedatum:<\/strong> 08.02.2005<br><strong>Herkunft:<\/strong> unbekannt<br><strong>Geschlecht:<\/strong> m\u00e4nnlich<br><strong>Geburtsjahr:<\/strong> unbekannt<\/p>\n\n\n\n<hr class=\"wp-block-separator\"\/>\n\n\n\n<p><strong>Grund der Aufnahme:<\/strong><br>&#8218;Maja&#8216; wurde aus einem Tierheim in Ostwestfalen \u00fcbernommen, das &#8218;Maja&#8216; die erneute Unterbringung in einer privaten Papageienhaltung ersparen wollte. Die tier\u00e4rztliche Eingangsuntersuchung ergab verschiedene Auff\u00e4lligkeiten der Organe. Das Herz und der Magendarmtrakt sind zu zu gro\u00df, die Leber ist zu klein.<\/p>\n","protected":false},"excerpt":{"rendered":"<div class=\"mh-excerpt\"><p>Aufnahmedatum: 08.02.2005Herkunft: unbekanntGeschlecht: m\u00e4nnlichGeburtsjahr: unbekannt Grund der Aufnahme:&#8218;Maja&#8216; wurde aus einem Tierheim in Ostwestfalen \u00fcbernommen, das &#8218;Maja&#8216; die erneute Unterbringung in einer privaten Papageienhaltung ersparen wollte. Die tier\u00e4rztliche Eingangsuntersuchung ergab verschiedene Auff\u00e4lligkeiten der Organe. Das <a class=\"mh-excerpt-more\" href=\"https:\/\/papageienschutz.de\/papageien\/afrikanische-papageien\/mohrenkopfpapageien\/maja\/\" title=\"Maja\">[&#8230;]<\/a><\/p>\n<\/div>","protected":false},"author":1,"featured_media":0,"parent":25,"menu_order":0,"comment_status":"closed","ping_status":"closed","template":"","meta":{"footnotes":""},"class_list":["post-368","page","type-page","status-publish"],"_links":{"self":[{"href":"https:\/\/papageienschutz.de\/papageien\/wp-json\/wp\/v2\/pages\/368","targetHints":{"allow":["GET"]}}],"collection":[{"href":"https:\/\/papageienschutz.de\/papageien\/wp-json\/wp\/v2\/pages"}],"about":[{"href":"https:\/\/papageienschutz.de\/papageien\/wp-json\/wp\/v2\/types\/page"}],"author":[{"embeddable":true,"href":"https:\/\/papageienschutz.de\/papageien\/wp-json\/wp\/v2\/users\/1"}],"replies":[{"embeddable":true,"href":"https:\/\/papageienschutz.de\/papageien\/wp-json\/wp\/v2\/comments?post=368"}],"version-history":[{"count":2,"href":"https:\/\/papageienschutz.de\/papageien\/wp-json\/wp\/v2\/pages\/368\/revisions"}],"predecessor-version":[{"id":8111,"href":"https:\/\/papageienschutz.de\/papageien\/wp-json\/wp\/v2\/pages\/368\/revisions\/8111"}],"up":[{"embeddable":true,"href":"https:\/\/papageienschutz.de\/papageien\/wp-json\/wp\/v2\/pages\/25"}],"wp:attachment":[{"href":"https:\/\/papageienschutz.de\/papageien\/wp-json\/wp\/v2\/media?parent=368"}],"curies":[{"name":"wp","href":"https:\/\/api.w.org\/{rel}","templated":true}]}}

<div class="wp-block-image"><figure class="aligncenter size-large"><img loading="lazy" decoding="async" width="1024" height="683" src="https://papageienschutz.de/papageien/wp-content/uploads/2018/04/IMG_2870-1024x683.jpg" alt="" class="wp-image-6501"/></figure></div>



<p><strong>Aufnahmedatum:</strong> 08.02.2005<br><strong>Herkunft:</strong> unbekannt<br><strong>Geschlecht:</strong> männlich<br><strong>Geburtsjahr:</strong> unbekannt</p>



<hr class="wp-block-separator"/>



<p><strong>Grund der Aufnahme:</strong><br>&#8218;Maja&#8216; wurde aus einem Tierheim in Ostwestfalen übernommen, das &#8218;Maja&#8216; die erneute Unterbringung in einer privaten Papageienhaltung ersparen wollte. Die tierärztliche Eingangsuntersuchung ergab verschiedene Auffälligkeiten der Organe. Das Herz und der Magendarmtrakt sind zu zu groß, die Leber ist zu klein.</p>

<div class="mh-excerpt"><p>Aufnahmedatum: 08.02.2005Herkunft: unbekanntGeschlecht: männlichGeburtsjahr: unbekannt Grund der Aufnahme:&#8218;Maja&#8216; wurde aus einem Tierheim in Ostwestfalen übernommen, das &#8218;Maja&#8216; die erneute Unterbringung in einer privaten Papageienhaltung ersparen wollte. Die tierärztliche Eingangsuntersuchung ergab verschiedene Auffälligkeiten der Organe. Das <a class="mh-excerpt-more" href="https://papageienschutz.de/papageien/afrikanische-papageien/mohrenkopfpapageien/maja/" title="Maja">[&#8230;]</a></p>
</div>
