{"id":341,"date":"2012-06-27T14:05:24","date_gmt":"2012-06-27T12:05:24","guid":{"rendered":"http:\/\/papageienschutz.net\/bestand\/?page_id=341"},"modified":"2020-02-04T22:19:24","modified_gmt":"2020-02-04T21:19:24","slug":"santa","status":"publish","type":"page","link":"https:\/\/papageienschutz.de\/papageien\/amerikanische-papageien\/blaustirnamazonen\/santa\/","title":{"rendered":"Santa"},"content":{"rendered":"\n<div class=\"wp-block-image\"><figure class=\"aligncenter size-large\"><img loading=\"lazy\" decoding=\"async\" width=\"1024\" height=\"683\" src=\"https:\/\/papageienschutz.de\/papageien\/wp-content\/uploads\/2019\/10\/D21A9608-1024x683.jpg\" alt=\"\" class=\"wp-image-7923\"\/><\/figure><\/div>\n\n\n\n<p><strong>Aufnahmedatum: <\/strong>14.12.2010<br>\n<strong>Herkunft: <\/strong>Wildfang (Argentinien 1991)<br>\n<strong>Geschlecht: <\/strong>m\u00e4nnlich<br>\n<strong>Geburtsjahr: <\/strong>unbekannt<\/p>\n\n\n\n<hr class=\"wp-block-separator\"\/>\n\n\n\n<p><strong>Grund der Aufnahme:<\/strong><br>\nSanta wurde (zusammen mit Lucia) im Dezember 2010 von Mitgliedern des Papageienschutz-Centrums Bremen e. V. und der Polizei aus einer umgest\u00fcrzten Au\u00dfenvoliere gerettet, die sich in einem verlassenen Bremer Kleingarten befand, und in das Fluggehege \u00fcbernommen. Die Nachbarn hatten die Polizei gerufen, da die Tiere bei Minusgraden seit Wochen nicht mehr versorgt worden sind. Nach den von der Polizei beigebrachten Unterlagen ist Santa ist 1991 importierter Wildfang aus Argentinien, Der DNA-Geschlechtstest ergab, dass Santa m\u00e4nnlichen Geschlechts ist.<br>\nDie tiermedizinische Eingangsuntersuchung ergab, dass Santa an leichter Aspergillose leidet, so dass er bis an sein Lebensende medikament\u00f6s behandelt werden muss. Au\u00dferdem wurden missgebildete Schwungfedern als Ursache seiner Flugunf\u00e4higkeit festgestellt.<\/p>\n","protected":false},"excerpt":{"rendered":"<div class=\"mh-excerpt\"><p>Aufnahmedatum: 14.12.2010 Herkunft: Wildfang (Argentinien 1991) Geschlecht: m\u00e4nnlich Geburtsjahr: unbekannt Grund der Aufnahme: Santa wurde (zusammen mit Lucia) im Dezember 2010 von Mitgliedern des Papageienschutz-Centrums Bremen e. V. und der Polizei aus einer umgest\u00fcrzten Au\u00dfenvoliere <a class=\"mh-excerpt-more\" href=\"https:\/\/papageienschutz.de\/papageien\/amerikanische-papageien\/blaustirnamazonen\/santa\/\" title=\"Santa\">[&#8230;]<\/a><\/p>\n<\/div>","protected":false},"author":1,"featured_media":0,"parent":40,"menu_order":0,"comment_status":"closed","ping_status":"closed","template":"","meta":{"footnotes":""},"class_list":["post-341","page","type-page","status-publish"],"_links":{"self":[{"href":"https:\/\/papageienschutz.de\/papageien\/wp-json\/wp\/v2\/pages\/341","targetHints":{"allow":["GET"]}}],"collection":[{"href":"https:\/\/papageienschutz.de\/papageien\/wp-json\/wp\/v2\/pages"}],"about":[{"href":"https:\/\/papageienschutz.de\/papageien\/wp-json\/wp\/v2\/types\/page"}],"author":[{"embeddable":true,"href":"https:\/\/papageienschutz.de\/papageien\/wp-json\/wp\/v2\/users\/1"}],"replies":[{"embeddable":true,"href":"https:\/\/papageienschutz.de\/papageien\/wp-json\/wp\/v2\/comments?post=341"}],"version-history":[{"count":2,"href":"https:\/\/papageienschutz.de\/papageien\/wp-json\/wp\/v2\/pages\/341\/revisions"}],"predecessor-version":[{"id":8084,"href":"https:\/\/papageienschutz.de\/papageien\/wp-json\/wp\/v2\/pages\/341\/revisions\/8084"}],"up":[{"embeddable":true,"href":"https:\/\/papageienschutz.de\/papageien\/wp-json\/wp\/v2\/pages\/40"}],"wp:attachment":[{"href":"https:\/\/papageienschutz.de\/papageien\/wp-json\/wp\/v2\/media?parent=341"}],"curies":[{"name":"wp","href":"https:\/\/api.w.org\/{rel}","templated":true}]}}