{"id":333,"date":"2005-07-30T14:03:17","date_gmt":"2005-07-30T12:03:17","guid":{"rendered":"http:\/\/papageienschutz.net\/bestand\/?page_id=333"},"modified":"2020-02-04T22:24:35","modified_gmt":"2020-02-04T21:24:35","slug":"einstein","status":"publish","type":"page","link":"https:\/\/papageienschutz.de\/papageien\/amerikanische-papageien\/blaustirnamazonen\/einstein\/","title":{"rendered":"Einstein"},"content":{"rendered":"\n<div class=\"wp-block-image\"><figure class=\"aligncenter size-large\"><img loading=\"lazy\" decoding=\"async\" width=\"1024\" height=\"682\" src=\"https:\/\/papageienschutz.de\/papageien\/wp-content\/uploads\/2018\/05\/IMG_6185-e1526929077280-1024x682.jpg\" alt=\"\" class=\"wp-image-6559\" srcset=\"https:\/\/papageienschutz.de\/papageien\/wp-content\/uploads\/2018\/05\/IMG_6185-e1526929077280-1024x682.jpg 1024w, https:\/\/papageienschutz.de\/papageien\/wp-content\/uploads\/2018\/05\/IMG_6185-e1526929077280-300x200.jpg 300w, https:\/\/papageienschutz.de\/papageien\/wp-content\/uploads\/2018\/05\/IMG_6185-e1526929077280-768x512.jpg 768w, https:\/\/papageienschutz.de\/papageien\/wp-content\/uploads\/2018\/05\/IMG_6185-e1526929077280.jpg 1280w\" sizes=\"auto, (max-width: 1024px) 100vw, 1024px\" \/><\/figure><\/div>\n\n\n\n<p><strong>Aufnahmedatum: <\/strong>30.07.2005<br><strong>Herkunft: <\/strong>Nachzucht<br><strong>Geschlecht: <\/strong>m\u00e4nnlich<br><strong>Geburtsjahr: <\/strong>2002<\/p>\n\n\n\n<hr class=\"wp-block-separator\"\/>\n\n\n\n<p><strong>Grund der Aufnahme:<\/strong><br>Einstein, m\u00e4nnlichen Geschlechts, wurde (zusammen mit seiner Schwester, Amy) im Juli 2005 aus einer privaten Haltung in das Fluggehege \u00fcbernommen. Einstein und Amy sind einheimische Nachzuchten, geschl\u00fcpft sind sie im Jahr 2002.&nbsp; Die Eigent\u00fcmerin hatte Amy und Einstein von einem Z\u00fcchter gekauft, konnte sie jedoch aus finanziellen Gr\u00fcnden und aufgrund von Streitigkeiten mit Nachbarn, verursacht durch die lauten Schreie von Amy und Einstein, nicht l\u00e4nger halten. Die tiermedizinische Eingangsuntersuchung ergab bei Einstein keine Hinweise auf gesundheitliche Auff\u00e4lligkeiten.<\/p>\n","protected":false},"excerpt":{"rendered":"<div class=\"mh-excerpt\"><p>Aufnahmedatum: 30.07.2005Herkunft: NachzuchtGeschlecht: m\u00e4nnlichGeburtsjahr: 2002 Grund der Aufnahme:Einstein, m\u00e4nnlichen Geschlechts, wurde (zusammen mit seiner Schwester, Amy) im Juli 2005 aus einer privaten Haltung in das Fluggehege \u00fcbernommen. Einstein und Amy sind einheimische Nachzuchten, geschl\u00fcpft sind <a class=\"mh-excerpt-more\" href=\"https:\/\/papageienschutz.de\/papageien\/amerikanische-papageien\/blaustirnamazonen\/einstein\/\" title=\"Einstein\">[&#8230;]<\/a><\/p>\n<\/div>","protected":false},"author":1,"featured_media":0,"parent":40,"menu_order":0,"comment_status":"closed","ping_status":"closed","template":"","meta":{"footnotes":""},"class_list":["post-333","page","type-page","status-publish"],"_links":{"self":[{"href":"https:\/\/papageienschutz.de\/papageien\/wp-json\/wp\/v2\/pages\/333","targetHints":{"allow":["GET"]}}],"collection":[{"href":"https:\/\/papageienschutz.de\/papageien\/wp-json\/wp\/v2\/pages"}],"about":[{"href":"https:\/\/papageienschutz.de\/papageien\/wp-json\/wp\/v2\/types\/page"}],"author":[{"embeddable":true,"href":"https:\/\/papageienschutz.de\/papageien\/wp-json\/wp\/v2\/users\/1"}],"replies":[{"embeddable":true,"href":"https:\/\/papageienschutz.de\/papageien\/wp-json\/wp\/v2\/comments?post=333"}],"version-history":[{"count":4,"href":"https:\/\/papageienschutz.de\/papageien\/wp-json\/wp\/v2\/pages\/333\/revisions"}],"predecessor-version":[{"id":8090,"href":"https:\/\/papageienschutz.de\/papageien\/wp-json\/wp\/v2\/pages\/333\/revisions\/8090"}],"up":[{"embeddable":true,"href":"https:\/\/papageienschutz.de\/papageien\/wp-json\/wp\/v2\/pages\/40"}],"wp:attachment":[{"href":"https:\/\/papageienschutz.de\/papageien\/wp-json\/wp\/v2\/media?parent=333"}],"curies":[{"name":"wp","href":"https:\/\/api.w.org\/{rel}","templated":true}]}}