{"id":149,"date":"2012-06-22T22:04:34","date_gmt":"2012-06-22T20:04:34","guid":{"rendered":"http:\/\/papageienschutz.net\/bestand\/?page_id=149"},"modified":"2020-08-10T01:09:26","modified_gmt":"2020-08-09T23:09:26","slug":"gorky","status":"publish","type":"page","link":"https:\/\/papageienschutz.de\/papageien\/afrikanische-papageien\/kongo-graupapageien\/gorky\/","title":{"rendered":"Gorky"},"content":{"rendered":"\n<div class=\"wp-block-image\"><figure class=\"aligncenter size-large\"><img loading=\"lazy\" decoding=\"async\" width=\"1024\" height=\"683\" src=\"https:\/\/papageienschutz.de\/papageien\/wp-content\/uploads\/2015\/01\/IMG_0991-1024x683.jpg\" alt=\"\" class=\"wp-image-7307\"\/><\/figure><\/div>\n\n\n\n<p><br><strong>Aufnahmedatum: <\/strong>27.01.2007<br><strong>Herkunft: <\/strong>Nachzucht<br><strong>Geschlecht: <\/strong>weiblich<br><strong>Geburtsjahr: <\/strong>1987<\/p>\n\n\n\n<hr class=\"wp-block-separator\"\/>\n\n\n\n<p><strong>Grund der Aufnahme:<\/strong><br>Gorky wurde im Januar 2007 aus einer privaten Einzelhaltung in das Fluggehege \u00fcbernommen. Gorky ist 1987 geschl\u00fcpft. Der DNA-Geschlechtstest ergab, dass Gorky weiblichen Geschlechts ist. Gorky ist verhaltensgest\u00f6rt. Sie rupft sich ihr Brustgefieder aus.<\/p>\n","protected":false},"excerpt":{"rendered":"<div class=\"mh-excerpt\"><p>Aufnahmedatum: 27.01.2007Herkunft: NachzuchtGeschlecht: weiblichGeburtsjahr: 1987 Grund der Aufnahme:Gorky wurde im Januar 2007 aus einer privaten Einzelhaltung in das Fluggehege \u00fcbernommen. Gorky ist 1987 geschl\u00fcpft. Der DNA-Geschlechtstest ergab, dass Gorky weiblichen Geschlechts ist. Gorky ist verhaltensgest\u00f6rt. <a class=\"mh-excerpt-more\" href=\"https:\/\/papageienschutz.de\/papageien\/afrikanische-papageien\/kongo-graupapageien\/gorky\/\" title=\"Gorky\">[&#8230;]<\/a><\/p>\n<\/div>","protected":false},"author":1,"featured_media":0,"parent":8387,"menu_order":1,"comment_status":"closed","ping_status":"closed","template":"","meta":{"footnotes":""},"class_list":["post-149","page","type-page","status-publish"],"_links":{"self":[{"href":"https:\/\/papageienschutz.de\/papageien\/wp-json\/wp\/v2\/pages\/149","targetHints":{"allow":["GET"]}}],"collection":[{"href":"https:\/\/papageienschutz.de\/papageien\/wp-json\/wp\/v2\/pages"}],"about":[{"href":"https:\/\/papageienschutz.de\/papageien\/wp-json\/wp\/v2\/types\/page"}],"author":[{"embeddable":true,"href":"https:\/\/papageienschutz.de\/papageien\/wp-json\/wp\/v2\/users\/1"}],"replies":[{"embeddable":true,"href":"https:\/\/papageienschutz.de\/papageien\/wp-json\/wp\/v2\/comments?post=149"}],"version-history":[{"count":2,"href":"https:\/\/papageienschutz.de\/papageien\/wp-json\/wp\/v2\/pages\/149\/revisions"}],"predecessor-version":[{"id":8081,"href":"https:\/\/papageienschutz.de\/papageien\/wp-json\/wp\/v2\/pages\/149\/revisions\/8081"}],"up":[{"embeddable":true,"href":"https:\/\/papageienschutz.de\/papageien\/wp-json\/wp\/v2\/pages\/8387"}],"wp:attachment":[{"href":"https:\/\/papageienschutz.de\/papageien\/wp-json\/wp\/v2\/media?parent=149"}],"curies":[{"name":"wp","href":"https:\/\/api.w.org\/{rel}","templated":true}]}}